{"id":987515603,"date":"2024-07-31T15:06:23","date_gmt":"2024-07-31T15:06:23","guid":{"rendered":"https:\/\/gdpconsultoria.com\/seminarios\/?page_id=987515603"},"modified":"2024-07-31T15:06:23","modified_gmt":"2024-07-31T15:06:23","slug":"tratamiento-de-datos-personales","status":"publish","type":"page","link":"https:\/\/gdpconsultoria.com\/seminarios\/tratamiento-de-datos-personales\/","title":{"rendered":"Tratamiento de Datos Personales"},"content":{"rendered":"<p>[et_pb_section fb_built=\u00bb1&#8243; _builder_version=\u00bb4.25.0&#8243; _module_preset=\u00bbdefault\u00bb global_colors_info=\u00bb{}\u00bb][et_pb_row use_custom_gutter=\u00bbon\u00bb _builder_version=\u00bb4.25.0&#8243; _module_preset=\u00bbdefault\u00bb max_width=\u00bb80%\u00bb global_colors_info=\u00bb{}\u00bb][et_pb_column type=\u00bb4_4&#8243; _builder_version=\u00bb4.25.0&#8243; _module_preset=\u00bbdefault\u00bb global_colors_info=\u00bb{}\u00bb][et_pb_text _builder_version=\u00bb4.25.0&#8243; _module_preset=\u00bbdefault\u00bb text_text_color=\u00bb#000000&#8243; text_font_size=\u00bb17px\u00bb text_line_height=\u00bb1.2em\u00bb global_colors_info=\u00bb{}\u00bb]<\/p>\n<p><span>En cumplimiento de lo establecido en el Reglamento (UE) 2016\/679 del Parlamento Europeo y del Consejo de 27 de abril de 2016 sobre datos personales y su tratamiento, le informamos que los datos que nos facilite mediante la cumplimentaci\u00f3n del presente formulario o registro Web y con la documentaci\u00f3n que aporte, pasar\u00e1 a formar parte de un Registro de Actividades de Tratamiento, con las siguientes caracter\u00edsticas:<br \/><\/span><span><br \/>RESPONSABLE<br \/>\u2013 Identidad: GDP CONSULTOR\u00cdA E INTERNACIONALIZACI\u00d3N S.L.<br \/>\u2013 Dir. Postal: C\/ ZURBANO 45, 1\u00ba Y 2\u00ba, CP 28010. MADRID<br \/><\/span><span>\u2013 T<\/span><span>el\u00e9fono: 911 853 143<br \/>\u2013 Email: ejimenez@gdpconsultoria.com <\/span><\/p>\n<p>FINALIDAD o Prestaci\u00f3n del Servicio: CONSULTOR\u00cdA Y ASESOR\u00cdA. o Realizaci\u00f3n de Controles de Satisfacci\u00f3n. o Env\u00edo de informaci\u00f3n, por canales ordinarios o electr\u00f3nicos, relativa a productos y servicios que GDP CONSULTOR\u00cdA E INTERNACIONALIZACI\u00d3N S.L. prestan actualmente o decidan prestar en un futuro. o Permitir su inscripci\u00f3n y asistencia a seminarios, jornadas, eventos y cualquier otra actividad informativa en la que el usuario est\u00e9 interesado y que se oferte a trav\u00e9s del Sitio Web. o Campa\u00f1as publicitarias desarrolladas por y para GDP Consultor\u00eda e Internacionalizaci\u00f3n sobre la prestaci\u00f3n de nuestros servicios Los datos personales proporcionados se conservar\u00e1n mientras se mantenga la prestaci\u00f3n del servicio o no se solicite su supresi\u00f3n por el interesado. Se conservar\u00e1 durante un plazo de 3 a\u00f1os a contar a partir de la \u00faltima confirmaci\u00f3n de inter\u00e9s o finalizaci\u00f3n del servicio.<\/p>\n<p><span>LEGITIMACI\u00d3N<br \/>Consentimiento del interesado. Datos Personales obtenidos y aportados por el propio interesado. <\/span><\/p>\n<p>DESTINATARIOS<br \/>Las datos recabados por GDP CONSULTORIA E INTERNACIONALIZACION son para uso propio y en ning\u00fan caso se ceden datos personales a terceros.<\/p>\n<p>DERECHOS<br \/>Acceder, rectificar y suprimir los datos, as\u00ed como otros derechos, como se explica en la pol\u00edtica de privacidad de nuestra organizaci\u00f3n. En determinadas circunstancias, los interesados podr\u00e1n solicitar la limitaci\u00f3n del tratamiento de sus datos, en cuyo caso \u00fanicamente los conservaremos para el ejercicio o la defensa de reclamaciones. Por motivos relacionados con su situaci\u00f3n particular, los interesados podr\u00e1n oponerse al tratamiento de sus datos. Nuestra Organizaci\u00f3n dejar\u00e1 de tratar los datos, salvo por motivos leg\u00edtimos imperiosos, o el ejercicio o la defensa de posibles reclamaciones. <\/p>\n<p>GDP CONSULTOR\u00cdA E INTERNACIONALIZACI\u00d3N S.L. en ning\u00fan caso ser\u00e1 responsable de la licitud, veracidad y exactitud de los datos facilitados. Queda bajo su exclusiva responsabilidad la notificaci\u00f3n a GDP CONSULTOR\u00cdA E INTERNACIONALIZACI\u00d3N S.L. de cualquier modificaci\u00f3n en los mismos. Igualmente, le informamos que puede ejercer sus derechos de acceso, rectificaci\u00f3n y supresi\u00f3n en: C\/ ZURBANO 45, 1\u00ba Y 2\u00ba, CP 28010. MADRID. <\/p>\n<p>Si no deseara recibir m\u00e1s mensajes, notificaciones o emails con informaci\u00f3n de inter\u00e9s, propuestas comerciales o relativas a bolsas de trabajo, comunicarlo al siguiente email del Responsable de Tratamiento con el asunto \u201cborrar\u201d: ejimenez@gdpconsultoria.com Adem\u00e1s, puede realizar cualquier consulta, petici\u00f3n, queja o denuncia en la Agencia Espa\u00f1ola de Protecci\u00f3n de Datos.<\/p>\n<p>[\/et_pb_text][\/et_pb_column][\/et_pb_row][\/et_pb_section]<\/p>\n","protected":false},"excerpt":{"rendered":"<p>En cumplimiento de lo establecido en el Reglamento (UE) 2016\/679 del Parlamento Europeo y del Consejo de 27 de abril de 2016 sobre datos personales y su tratamiento, le informamos que los datos que nos facilite mediante la cumplimentaci\u00f3n del presente formulario o registro Web y con la documentaci\u00f3n que aporte, pasar\u00e1 a formar parte [&hellip;]<\/p>\n","protected":false},"author":1,"featured_media":0,"parent":0,"menu_order":0,"comment_status":"closed","ping_status":"closed","template":"","meta":{"_et_pb_use_builder":"on","_et_pb_old_content":"","_et_gb_content_width":"","footnotes":""},"class_list":["post-987515603","page","type-page","status-publish","hentry"],"_links":{"self":[{"href":"https:\/\/gdpconsultoria.com\/seminarios\/wp-json\/wp\/v2\/pages\/987515603","targetHints":{"allow":["GET"]}}],"collection":[{"href":"https:\/\/gdpconsultoria.com\/seminarios\/wp-json\/wp\/v2\/pages"}],"about":[{"href":"https:\/\/gdpconsultoria.com\/seminarios\/wp-json\/wp\/v2\/types\/page"}],"author":[{"embeddable":true,"href":"https:\/\/gdpconsultoria.com\/seminarios\/wp-json\/wp\/v2\/users\/1"}],"replies":[{"embeddable":true,"href":"https:\/\/gdpconsultoria.com\/seminarios\/wp-json\/wp\/v2\/comments?post=987515603"}],"version-history":[{"count":3,"href":"https:\/\/gdpconsultoria.com\/seminarios\/wp-json\/wp\/v2\/pages\/987515603\/revisions"}],"predecessor-version":[{"id":987515606,"href":"https:\/\/gdpconsultoria.com\/seminarios\/wp-json\/wp\/v2\/pages\/987515603\/revisions\/987515606"}],"wp:attachment":[{"href":"https:\/\/gdpconsultoria.com\/seminarios\/wp-json\/wp\/v2\/media?parent=987515603"}],"curies":[{"name":"wp","href":"https:\/\/api.w.org\/{rel}","templated":true}]}}